oes 11 divide 1430276?
False
Does 2 divide 279397142?
True
Does 893 divide 522421967?
True
Is 925217508 a multiple of 12?
True
Is 2231157298 a multiple of 13?
False
Is 5 a factor of 97547666?
False
Is 2 a factor of 182761832?
True
Is 10172 a factor of 4224055236?
True
Is 3245795 a multiple of 5?
True
Is 1234 a factor of 29086614?
True
Is 1080700 a multiple of 214?
True
Does 21 divide 26487720?
True
Does 3 divide 44515774?
False
Is 418284180 a multiple of 45?
True
Is 45 a factor of 1186557625?
False
Is 1004898 a multiple of 24?
False
Is 14845430 a multiple of 132?
False
Is 26035997 a multiple of 184?
False
Is 442 a factor of 175705608?
True
Is 649484137 a multiple of 1278?
False
Does 2900 divide 268649830?
False
Is 20 a factor of 1115394142?
False
Does 1280 divide 201927680?
True
Is 109 a factor of 55079754?
False
Is 4734400717 a multiple of 9055?
False
Is 381 a factor of 7327050?
False
Does 106 divide 95362476?
True
Is 494231149 a multiple of 7?
False
Is 38 a factor of 11138636?
True
Does 9 divide 1080077037?
False
Is 251740609 a multiple of 769?
True
Is 611248939 a multiple of 1391?
False
Is 338 a factor of 86581519?
False
Is 95052528 a multiple of 24?
True
Is 204990 a multiple of 6?
True
Is 2923 a factor of 5620812080?
True
Is 23 a factor of 274119427?
False
Is 215 a factor of 2888762145?
True
Is 13942943 a multiple of 2322?
False
Is 21390828 a multiple of 34?
True
Is 626 a factor of 4970810?
False
Is 16 a factor of 355043440?
True
Does 3 divide 698736117?
True
Is 722 a factor of 13539158?
False
Is 103 a factor of 32092759?
False
Is 4420 a factor of 2349146020?
True
Is 41 a factor of 25095444?
True
Is 21 a factor of 31090923?
False
Is 631330377 a multiple of 712?
False
Does 2027 divide 50022306?
True
Does 89 divide 67689751?
True
Is 440880474 a multiple of 1303?
True
Does 31 divide 146027546?
True
Is 139 a factor of 1383232054?
False
Does 13 divide 47580507?
True
Does 6784 divide 190897441?
False
Is 3940 a factor of 74867880?
True
Is 58 a factor of 8407234?
False
Is 173356825 a multiple of 275?
False
Does 547 divide 138030105?
False
Does 12 divide 2458923072?
True
Is 44794890 a multiple of 126?
True
Does 10 divide 1028054521?
False
Does 13 divide 2006709?
False
Is 7993930 a multiple of 25?
False
Is 445 a factor of 87161425?
False
Is 215460516 a multiple of 204?
True
Is 69331845 a multiple of 41?
False
Is 428 a factor of 2946780?
True
Is 6267682227 a multiple of 47?
True
Does 448 divide 49863786?
False
Is 5 a factor of 3653734?
False
Is 7623630 a multiple of 70?
True
Is 204307254 a multiple of 134?
True
Does 3567 divide 136880058?
True
Is 43 a factor of 70520821?
False
Does 15 divide 210714540?
True
Does 4560 divide 1763497920?
True
Is 1506 a factor of 567526192?
False
Is 32 a factor of 11533120?
True
Does 613 divide 778798723?
True
Is 128108475 a multiple of 1766?
False
Is 72006270 a multiple of 7?
True
Does 219 divide 5558399?
False
Is 61 a factor of 718187404?
True
Is 27358020 a multiple of 6?
True
Is 455 a factor of 8829275?
True
Does 2 divide 11878856?
True
Is 1712331693 a multiple of 14?
False
Does 2 divide 10987170?
True
Is 9 a factor of 42468624?
True
Does 3 divide 141204433?
False
Does 6 divide 51295320?
True
Is 608 a factor of 1030255152?
False
Is 262154249 a multiple of 1288?
False
Is 162939745 a multiple of 1571?
False
Is 377564241 a multiple of 4467?
True
Does 112 divide 41621328?
True
Does 13 divide 189038852?
False
Does 250 divide 56882250?
True
Is 12454644 a multiple of 37?
True
Does 74 divide 147113480?
True
Does 28 divide 10453289?
False
Is 22 a factor of 1472295572?
True
Does 914 divide 6066604247?
False
Is 289 a factor of 87892462?
False
Is 2 a factor of 23627804?
True
Is 75 a factor of 189415973?
False
Is 2177303392 a multiple of 8?
True
Does 2 divide 312674525?
False
Does 1362 divide 21807147?
False
Is 22 a factor of 48350070?
False
Is 1755161370 a multiple of 18?
True
Is 514 a factor of 18542952?
False
Is 186 a factor of 621993327?
False
Does 2674 divide 183460466?
True
Does 66 divide 89954764?
False
Does 276 divide 18812574?
False
Is 4532585141 a multiple of 24?
False
Does 900 divide 25813640?
False
Is 521192 a multiple of 25?
False
Is 17231196 a multiple of 197?
True
Is 15 a factor of 225482385?
True
Is 20713380 a multiple of 20?
True
Is 2019885 a multiple of 14?
False
Is 7674111 a multiple of 285?
False
Is 6 a factor of 3057756?
True
Is 1606959184 a multiple of 14?
False
Does 8 divide 1152248?
True
Is 2210530740 a multiple of 727?
True
Is 8 a factor of 21068640?
True
Does 184 divide 144150568?
True
Is 1577 a factor of 6010372?
False
Does 3 divide 7846236?
True
Does 1579 divide 108092991?
False
Is 335 a factor of 70366570?
False
Is 57929490 a multiple of 9?
True
Is 786440941 a multiple of 540?
False
Does 525 divide 35828100?
True
Is 30 a factor of 2084836020?
True
Is 703 a factor of 1745308627?
False
Is 184 a factor of 28352581?
False
Is 335 a factor of 5991961755?
True
Is 230725655 a multiple of 4065?
False
Is 5524848 a multiple of 28?
True
Is 872312004 a multiple of 10?
False
Is 931947160 a multiple of 2260?
True
Does 363 divide 28992084?
True
Is 454736509 a multiple of 47?
False
Does 3121 divide 2575146463?
True
Is 1009706100 a multiple of 780?
True
Is 75606609 a multiple of 45?
False
Does 1908 divide 29468355?
False
Is 256 a factor of 3324035189?
False
Does 52 divide 172095703?
False
Is 5 a factor of 28319738?
False
Is 56429649 a multiple of 27?
True
Is 160 a factor of 57185760?
True
Does 1808 divide 37462576?
False
Is 24 a factor of 36093744?
True
Is 56 a factor of 6189161048?
True
Does 26 divide 821141542?
True
Does 1857 divide 32001681?
True
Is 9 a factor of 488683667?
False
Is 4434835072 a multiple of 12?
False
Is 74396338 a multiple of 358?
True
Is 242 a factor of 73539997?
False
Is 3442629 a multiple of 57?
True
Does 241 divide 129529608?
False
Is 1336 a factor of 210874240?
True
Is 12 a factor of 566330412?
True
Is 112068480 a multiple of 60?
True
Is 444846990 a multiple of 70?
True
Is 40 a factor of 588135400?
True
Is 59 a factor of 1401557642?
False
Is 8759 a factor of 2311298643?
True
Does 4858 divide 327268886?
True
Is 208300098 a multiple of 667?
True
Is 17952245 a multiple of 4?
False
Does 1755 divide 443848165?
False
Is 85 a factor of 125770067?
False
Is 325 a factor of 335295675?
True
Is 43685975 a multiple of 7?
False
Is 40372615 a multiple of 74?
False
Is 150 a factor of 616442550?
True
Does 106 divide 438533448?
True
Is 2895336569 a multiple of 417?
False
Is 3109531569 a multiple of 370?
False
Is 439 a factor of 56518177?
True
Is 927686571 a multiple of 133?
True
Does 161 divide 18377506?
True
Is 5 a factor of 133700450?
True
Does 934 divide 36962116?
True
Is 116 a factor of 185834552?
True
Is 72552390 a multiple of 25?
False
Is 18 a factor of 345606088?
False
Is 10 a factor of 24956880?
True
Is 34843448 a multiple of 193?
True
Is 31550635 a multiple of 359?
False
Is 145950111 a multiple of 1489?
False
Does 133 divide 2177909533?
False
Is 115 a factor of 2493417394?
False
Is 225257027 a multiple of 185?
False
Is 137 a factor of 11697608?
True
Is 11 a factor of 96527838?
True
Does 448 divide 165916820?
False
Is 29158524 a multiple of 44?
False
Is 660962329 a multiple of 5099?
False
Does 893 divide 40266263?
True
Does 760 divide 36336823?
False
Is 159012187 a multiple of 1049?
False
Does 8 divide 558905472?
True
Is 62108652 a multiple of 84?
False
Is 530798423 a multiple of 15?
False
Does 397 divide 3207490?
False
Does 7 divide 351362683?
True
Does 1992 divide 21380551?
False
Is 38 a factor of 1746705606?
True
Is 880186348 a multiple of 67?
False
Is 37317746 a multiple of 5?
False
Is 811177844 a multiple of 5?
False
Is 1118264063 a multiple of 581?
True
Does 40 divide 13693000?
True
Is 28 a factor of 3998792?
True
Is 6 a factor of 1102963560?
True
Does 3540 divide 43559700?
True
Does 177 divide 434647980?
False
Is 1243 a factor of 1526718?
False
Does 3627 divide 239080959?
True
Is 27 a factor of 254136609?
True
Does 23 divide 12824142?
False
Is 8492058 a multiple of 18?
True
Does 328 divide 267267192?
True
Does 643 divide 30057482?
False
Is 746 a factor of 917850195?
False
Is 10761493 a multiple of 12?
False
Does 1022 divide 14364210?
True
Is 1515 a factor of 855908340?
True
Does 3082 divide 5